 + 13. What is the remainder when 54 is divided by f?
10
Let i(u) = -2*u + 15. Calculate the remainder when i(-12) is divided by 10.
9
Let g(d) = d**2 - 6*d + 6. Let j be g(5). Let p = 6 - j. Calculate the remainder when p is divided by 24/9 - 3/(-9).
2
Suppose -20 = -4*s + 3*r, 4*s - 2*r - 16 - 4 = 0. Suppose i - s*k = 16, -2*i + 5*k = -33 + 6. What is the remainder when 21 is divided by i?
10
Suppose -38 - 6 = -4*a. What is the remainder when (-3 + 0 - -7) + (26 - 0) is divided by a?
8
Let y = 2 - -1. Suppose -k + 65 = 4*k + y*s, -3*s = -2*k + 26. Calculate the remainder when 50 is divided by k.
11
Suppose 3*g + u = 253, -2*g - 2*g + 344 = 3*u. What is the remainder when g is divided by 21?
20
Suppose -2*z - 4 = -3*g + 3*z, 2*z = 3*g - 16. What is the remainder when 46 is divided by g?
6
Suppose 4*w = 2*b - b + 224, 0 = 5*w - 3*b - 273. Let j = -135 + -15. Calculate the remainder when w is divided by -2*1*j/20.
12
Let d = -8 + 42. Let b = 207 + -140. Let z = b - d. What is the remainder when z is divided by 17?
16
Suppose 0 = 3*v - 2*i - i - 48, 3*i = v - 6. Calculate the remainder when v is divided by 12.
9
Let o = 1 + 1. Calculate the remainder when 10*2/(-8)*18/(-15) is divided by o.
1
Let v(y) = y - 4. Let j be v(7). What is the remainder when 26 is divided by (j - -3) + (-3 - -6)?
8
Let q be (-46 - -2)*(-5)/2. Let i = q - 78. What is the remainder when i is divided by 11?
10
Suppose 5 = -2*h + 1. Suppose g = f - 2*f - 3, -5*f = -4*g - 21. Let t = f - h. Calculate the remainder when 8 is divided by t.
2
Suppose 5*i - 20 = -0*i. Suppose i*g = 2*g + 116. Calculate the remainder when g is divided by 20.
18
Suppose -o = -3*i + 4*i - 4, 0 = -o + 5. Let s(d) = -51*d**3 + 1. What is the remainder when s(i) is divided by 18?
16
Let b(m) = -m**3 - 4*m**2 + 7*m + 7. Let x be b(-5). Let a = -3 - -9. Calculate the remainder when 15/1 - x/3 is divided by a.
4
Let t = -35 - -48. Suppose -4*c = -44 + 4. What is the remainder when (24/c)/(2/20) is divided by t?
11
Let f = 77 + -43. What is the remainder when f is divided by 9?
7
Suppose r + 0*r + 40 = 0. Let c = -14 + 27. Calculate the remainder when c is divided by r/(-24)*(-6)/(-2).
3
Let r(p) = -2*p - 2*p**3 + p**3 + 0*p**3 - 7 - 12*p**2. Let i = 94 - 62. What is the remainder when i is divided by r(-12)?
15
Let u = -12 - -37. What is the remainder when u is divided by 7?
4
Let s = -22 - -35. What is the remainder when 24 is divided by s?
11
Let c(z) = -z**3 + 6*z**2 - 4*z + 6. Calculate the remainder when c(5) is divided by 4.
3
Let g(n) = -2*n - 3. Let z(m) = m**2 + 7*m + 6. Let c be z(-4). What is the remainder when 44 is divided by g(c)?
8
Suppose w + 8 = 2*u - 8, -3*w + 6 = 0. Calculate the remainder when 33 is divided by u.
6
What is the remainder when (3 - -6)*(17 + 0) is divided by 13?
10
What is the remainder when (-2 - (-4 - 0)) + (-1012)/(-11) is divided by 24?
22
Let a(w) = w**3 - w**2 - 6*w + 7. What is the remainder when a(3) is divided by 6?
1
Let l = 3 - 4. Let w be -1 + 18 + 0 + l. Let o = 0 + w. Calculate the remainder when o is divided by 6.
4
Suppose 0 = y + 2*y - 6. Suppose -7*o = -y*o - 20. Suppose 0 = o*h - 0*h - 60. Calculate the remainder when h is divided by 8.
7
Suppose 5*q - 24 = -4. Let c(g) = g**3 - 3*g**2 + g + 4. Calculate the remainder when c(3) is divided by q.
3
Suppose 1 = -4*m + 17. What is the remainder when 18 is divided by m?
2
Suppose -j - 39 - 5 = -3*h, j - 61 = -4*h. What is the remainder when h is divided by 8?
7
Suppose 0 = -2*w + 2 + 8. Let m be (w + -4)/((-2)/(-24)). What is the remainder when 42 is divided by m + (-2)/(2 + 0)?
9
Suppose -5*n + 76 = 8*q - 4*q, 0 = n - 3*q. Calculate the remainder when 35 is divided by n.
11
Let w be (-4 - -7) + (2 - 1). Suppose w*i - 5*b = 141, 0*i = 3*i + 5*b - 132. Calculate the remainder when i is divided by 20.
19
Suppose 0 = -5*x + 30 + 55. What is the remainder when 30 is divided by x?
13
Let b = 16 + -4. Calculate the remainder when (-4)/(-8)*68 - -1 is divided by b.
11
What is the remainder when (2 + 8/2)/((-15)/(-110)) is divided by 15?
14
Suppose -5*v = 10, -6 = -c - 2*v + 3*v. Let p = 1 + c. What is the remainder when p is divided by -32*(-1)/18 - 4/(-18)?
1
Let k(z) = 4*z**3 - 2*z**2 + 1. Suppose -3*f = -x + 10, 1 = -4*x + 2*f + 11. What is the remainder when k(1) is divided by x?
0
Suppose 78 = 2*u - 156. Suppose 5*y - 2*y = u. Let v = -11 - -25. What is the remainder when y is divided by v?
11
Let r = 63 - 45. Let a be r/5 + 4/10. Suppose 3*f - a*f + 26 = 0. What is the remainder when f is divided by 14?
12
Let j(o) = 2*o**2. Let i = 144 - 141. What is the remainder when j(-2) is divided by i?
2
Suppose -o - 13 + 39 = 0. Suppose 3*f - 2*x - 29 = -6*x, 2 = x. Calculate the remainder when o is divided by f.
5
Let y = 0 + 1. Calculate the remainder when 1 is divided by y.
0
Let x be ((-6)/6)/(2/(-40)). Suppose 4*v = -v + x. Calculate the remainder when 6 is divided by v.
2
Let p(x) = 3*x**2 - 3*x**2 + 3*x**2. Calculate the remainder when 105 is divided by p(3).
24
Let l = 10 - 13. Suppose -2*m + 21 = -4*b - 1, 2*m - 2*b - 28 = 0. Calculate the remainder when 40 is divided by m - (-4 - l)*-3.
12
Suppose -10*p - 12 + 102 = 0. Calculate the remainder when p is divided by 3.
0
Suppose -3*v + t = -42, -2*t - 64 = -4*v + 2*t. Suppose 3*l + 3*a = 108, 3*a = l - 3*l + 70. What is the remainder when l is divided by v?
12
Suppose -5*b - h + 34 = 0, 3*b + 4*h - 10 = 6*h. Let l(a) = -a**2 + 11. Let x be l(0). Let m = -7 + x. What is the remainder when b is divided by m?
2
Let b = 141 + -126. Suppose q + 2*z - 4 = 0, -z + 17 = -2*q + 5*q. Calculate the remainder when b is divided by q.
3
Let i(x) = -x**3 - x**2 + 5*x + 1. Suppose 0 = -2*y + 129 + 39. Calculate the remainder when y is divided by i(-4).
26
Let w(z) = -9*z + 1. Suppose 0 = -0*c + 4*c + 4*b - 100, -5*c + 110 = 2*b. Calculate the remainder when w(-4) is divided by c.
17
Suppose 0 = -2*q + 4*q - 10. Suppose 3*k - q*k + 18 = 0. Suppose k - 21 = -2*m. Calculate the remainder when 21 is divided by m.
3
Let h(k) = -k**2 - 13*k + 28. Calculate the remainder when 26 is divided by h(-14).
12
Let w(j) = 2*j + 2. Suppose -4 = b - 3*c, 5*c = 3*b - 0*b + 24. Let l = 39 + b. Calculate the remainder when l is divided by w(6).
12
Suppose 0 = -0*x - 2*x. Suppose 3 = -j - y, x*y + 5 = -y. What is the remainder when j is divided by (-2 + 1 + -1)*(-7)/7?
0
Let z(j) = j**3 - 4*j**2 - 5*j + 1. Let l be z(4). Let x = l + 42. Calculate the remainder when x is divided by 6.
5
Suppose 5*u - l = 27, 0 = -u + 4*l + 5 + 8. What is the remainder when 3 is divided by 5/((-10)/4) + u?
0
Let g be (108/(-10))/((-2)/5). Suppose -c = -22 - g. Calculate the remainder when c is divided by 13.
10
Suppose 0 = 2*l - 19 - 1. Calculate the remainder when 18 is divided by l.
8
Let l be (20/6)/(1/12). Suppose -20 = -3*i + l. Let h(x) = -2*x - 5. What is the remainder when i is divided by h(-6)?
6
What is the remainder when 38 is divided by (-141)/(-7) + 3/(-21)?
18
Calculate the remainder when (0 + -2)*(-5)/((-50)/(-215)) is divided by 12.
7
Let n be (-4 - -6)*(-30)/1. Let r = -41 - n. Calculate the remainder when r is divided by 10.
9
Let x = 82 + -32. Let t(m) = -m**3 + 6*m**2 - 3*m + 7. Calculate the remainder when x is divided by t(5).
16
Let j = 53 - 15. What is the remainder when j is divided by 10?
8
Let f(q) = -q**3 - 7*q**2 - 6*q - 13. What is the remainder when f(-7) is divided by 10?
9
Suppose -6*z = -2*z + k - 311, 3*z + 4*k = 230. Let a = z + -43. Calculate the remainder when a is divided by 1*(1 + 16) - -1.
17
Let z = 35 - 26. Calculate the remainder when z is divided by 1.
0
Let z be 1 + 123/(2 - -1). Suppose -51 = -3*y + z. Suppose 0 = 2*j - 5*p - 12, j + 2*p - 15 = -0*p. What is the remainder when y is divided by j?
9
Let f = 43 + 50. Calculate the remainder when f is divided by 48.
45
What is the remainder when 34 is divided by 310/25 - (-6)/10?
8
Let z(k) = 7*k**3 - k**2 + k. What is the remainder when z(1) is divided by 2?
1
Suppose 3*h - 3 = 3. Suppose -y + h*y - 6 = 0. What is the remainder when y is divided by 2?
0
Suppose 3*a - 15 = -5*y, -y + a = 1 + 4. Suppose -2*w = 2*l - 20, l - 4*l + 15 = y. Calculate the remainder when 7 is divided by w.
2
Suppose -2*y + 32 = 2*g, 0*g +